ppose 24 = -3*q + 9*q. What is the units digit of q?
4
Suppose 7*p - 2*p = 20, 3*c - 3*p - 273 = 0. What is the tens digit of c?
9
Let j = 58 - 34. Suppose -5*t - j = -79. What is the units digit of t?
1
Let n = 4 - 3. Let q be 3 + 3 - 2*n. Suppose 0 = 6*y - 2*y + 3*g - 24, 24 = q*y - 5*g. What is the units digit of y?
6
Let r(p) = -p**2 - 26*p - 16. What is the units digit of r(-12)?
2
Let y(f) be the third derivative of -f**4/24 - 2*f**2. Let s be y(6). Let o = s + 9. What is the units digit of o?
3
What is the tens digit of (-12)/(-54) - (-3416)/18?
9
Let z be 2/11 - (-378)/99. Let r = z - 0. Suppose -u = -3*u - r*n - 2, 5*u - 2*n - 55 = 0. What is the units digit of u?
9
Let r(q) = -2*q - 20. Let o be r(-11). Suppose -96 = -t - o*t. What is the units digit of t?
2
Let d be (-3)/(2*(-1)/2). Suppose -3*i = -0*i - d. What is the units digit of i?
1
Let q(h) = 1. Let g(b) = -6*b - 9. Let f(n) = g(n) + 6*q(n). What is the units digit of f(-2)?
9
Let r(c) = c**3 + 8*c**2 + 6*c - 3. Let g be r(-7). Let b = 6 - g. What is the units digit of b?
2
Let k(x) = -38*x**2 + 4*x. Let l(r) = 39*r**2 - 5*r + 1. Let z(v) = -3*k(v) - 2*l(v). What is the units digit of z(-1)?
6
Suppose 42 = j + 4*f, 3*j - 5*f = 2*j + 51. What is the tens digit of j?
4
Let p(z) = 13*z**2 + 2. Let s be p(2). Suppose -74 = -5*u - 2*q, -3*u + 5*q + s = -9. What is the units digit of u?
6
Suppose 3*t - 6 = -0*h - 2*h, 0 = 4*h + 12. Suppose n + 2*o + 3 = 0, -t*n = -3*o - 0 - 21. Let c = 5 + n. What is the units digit of c?
8
Suppose -3*g - 2*x + 1 = -0*g, 6 = g - 5*x. What is the units digit of g?
1
Let k = 6 + -2. Suppose -2*p + 8 = -4*m, 3*p - 4*m + 7 - 19 = 0. Suppose 2*w + p*y = 7*w - 24, 4*y + k = 0. What is the units digit of w?
4
Let o(k) = -3*k + 1. Let q be o(-7). Let v = q - 13. Suppose -v*z - 54 = -12*z. What is the units digit of z?
8
Suppose -93 - 67 = -2*n. What is the tens digit of n?
8
Suppose -312 = 6*j - 1050. What is the units digit of j?
3
Suppose 4*z + 114 - 338 = -4*s, -116 = -2*z - 4*s. What is the tens digit of z?
5
Suppose 0 = -3*r + 18. Suppose r*y - 3*y = -96. Let o = -18 - y. What is the units digit of o?
4
Suppose 5*c - 3*k = 3*c - 1, 2*c - 5*k = 5. Suppose 2*a - 4*a = 0. What is the units digit of (c*1 - a)*-1?
5
Suppose 5*b - 23 - 37 = 0. What is the units digit of b?
2
Suppose 2*t - 155 = -4*c + 79, c - 51 = 2*t. What is the tens digit of c?
5
Let d(x) = x**3 + 3*x**2 - 4*x - 3. Let a be d(-3). Let v(b) = 3*b - 8. What is the units digit of v(a)?
9
Suppose 6*r = 13*r - 637. What is the units digit of r?
1
What is the hundreds digit of 6/(-27)*-3*198?
1
Let p(d) = d**2 + 3*d - 1. Suppose 1 = -m - 4. What is the units digit of p(m)?
9
Let k(t) = 3*t - 4. Let v be k(12). Let q = 9 + v. What is the tens digit of q?
4
Let x = -12 + 23. Suppose t + u + u = x, 5*t - 3*u - 3 = 0. Suppose 3*r = 21 + t. What is the units digit of r?
8
Suppose -2*c = 9 - 303. What is the tens digit of c?
4
Suppose -o + 3564 = 11*o. What is the units digit of o?
7
Suppose -5 = 4*c - 149. Let i = c - 17. What is the units digit of i?
9
Let p be 1 + 2 + 1 + -2. Let k(a) = 3*a**3 + a**2 + 3*a - 2. Let t be k(p). Suppose t = -0*v + 4*v. What is the units digit of v?
8
Let z(k) = -k**3 + 9*k**2 + 13*k - 12. Let v be z(9). Suppose 0*y + 5*y - v = -5*p, p = 4*y - 94. What is the units digit of y?
3
Suppose 24*t = 25*t - 90. What is the units digit of t?
0
Let c(v) be the first derivative of 7/2*v**2 + 1 - 1/3*v**3 + 3*v. What is the units digit of c(7)?
3
Let i(b) = -b**3 - 9*b**2 - 2*b + 9. Let h be i(-9). Suppose y = -2*y + h. Let t = y - -8. What is the tens digit of t?
1
Let t = 36 - -30. What is the tens digit of t?
6
Let j = 9 + -3. What is the units digit of j?
6
Suppose 2*w - 635 = -5*h, 268 = 4*h + 2*w - 238. What is the hundreds digit of h?
1
What is the units digit of -570*2/(2 + -6)?
5
Let i(b) = 3*b + 2. Let a be i(5). Suppose -3*m = j - 14, -a = -3*m - m - 3*j. Suppose -m*k + 13 + 22 = 0. What is the units digit of k?
7
Let o = -82 + 112. What is the tens digit of o?
3
Suppose 5*b + 5*s = 2*s + 16, -5*b + 13 = 4*s. What is the units digit of b?
5
Let u be (48/(-20))/((-2)/10). Let g(l) = l**3 - 11*l**2 - 11*l + 4. What is the units digit of g(u)?
6
Let c(v) = 4*v + 0*v**3 - 4*v**3 - 5*v + 0*v**3. What is the units digit of c(-1)?
5
Let r(s) = -s + 2. Let k(z) = -z + 8. Let x be k(8). Let f be r(x). Suppose -f*o + 11 = -17. What is the units digit of o?
4
Let r(z) = -z**3 + 13*z**2 - 26*z + 3. What is the tens digit of r(8)?
1
Suppose 480 = 5*d + 5*v, 4*d - 3*v - 179 - 198 = 0. What is the tens digit of d?
9
Suppose 2*z - 5*l - 10 = 0, -l + 10 = 4*z - 10. Let g = z + -2. What is the units digit of g?
3
What is the tens digit of 816/21 - 1/(-7)?
3
Suppose -78 = -3*m + m. Suppose 13 = 4*q - m. Suppose 3*o + 1 - q = 0. What is the units digit of o?
4
Suppose 0 = x + x - 30. What is the units digit of x?
5
Let k(j) be the first derivative of j**2/2 + 5*j + 2. What is the units digit of k(0)?
5
Let k = 331 - 195. What is the units digit of k?
6
Let t be 0/(4 + -5 + 2). Suppose -2*o = 0, k - 4 = -0*o + 3*o. Suppose -z + 4*i - 4 = t, 0*z + k*i - 28 = -5*z. What is the units digit of z?
4
Let z = -8 - -11. Suppose -2*n + n = -1, 3*n - 24 = -z*k. What is the units digit of k?
7
What is the tens digit of 221 + 0/(-3)*1?
2
Let r be -1*(-3)/(-6)*8. What is the units digit of (5 + r)*(-7)/(-1)?
7
Let w = -32 - -83. What is the tens digit of w?
5
Let f be 66/2*1/3. Suppose -m = -0*m - f. What is the tens digit of m?
1
Let z = 37 + -30. What is the units digit of z?
7
Let x = -44 + 2. Let k = 13 - x. What is the units digit of k?
5
Suppose 2*y - 4*y = -62. Let w = y - 18. What is the units digit of w?
3
Suppose -3*a + 12 = 0, -2*a - 13 = -5*m + 9. Suppose 150 = 2*i + i. What is the units digit of i/m - 1/3?
8
Let p = -77 - -156. What is the tens digit of p?
7
Let b be 9*1*(-3)/(-9). Suppose 3*n - 6 = -3*v, 4*n - n + 2 = v. Suppose v*l = -b*l + 25. What is the units digit of l?
5
Suppose -5*i + 9 + 336 = 0. What is the tens digit of i?
6
Suppose 0 = 3*l + 9 - 36. What is the units digit of l?
9
Let l(c) = c**2 - c + 2. Let h be l(4). Let z = h - 9. What is the units digit of z?
5
Let m(p) = 12*p**2 + 6*p - 2 - 14*p**2 + 6*p**2 - p**3. What is the units digit of m(4)?
2
Let d(z) be the first derivative of -z**4/4 + z**3/3 + z**2/2 + 2*z + 3. What is the units digit of d(0)?
2
Suppose 3*u = 4*u, l = 2*u + 6. Let g(s) = -s**2 + 6*s + 5. Let j be g(l). Suppose 2*k = o + j*k + 8, -k + 2 = o. What is the units digit of o?
7
Suppose 5*v + 9 = 34. Suppose 3*j = 4*n + n + 9, -n + 15 = v*j. Suppose 2*s - 22 = j*r + 7*s, -5*r + 30 = -5*s. What is the units digit of r?
1
Suppose 5*z - 12 = 7*z. Let w be (12/8)/(z/16). Let o(h) = -3*h - 4. What is the units digit of o(w)?
8
Suppose -7*y = -1733 - 31. What is the hundreds digit of y?
2
Suppose -2*i = -d + 3*d - 20, -16 = -d + 5*i. What is the tens digit of -20*(2 + d/(-4))?
1
Let b(y) = -2*y**3 - 7 - 3*y**2 + 3*y + 2 + 0*y**3 + y**3. Let z be b(-4). What is the units digit of (z + 3 + -1)*10?
0
Let p = 11 + -5. Let a = -8 - -4. Let g = a + p. What is the units digit of g?
2
Let w = 21 - 32. Let p(i) = -3*i - 15. What is the units digit of p(w)?
8
Let g(k) = k**3 + 8*k**2 - k - 4. Let c be g(-8). Suppose 2*j + 2*j = 24. What is the units digit of (4/j)/(c/126)?
1
Let s = 94 + -50. What is the tens digit of s?
4
Suppose 2*t - 8 = -2*t. What is the units digit of 3 + t - (2 + 1)?
2
Suppose 11*g - 5 = 10*g. Suppose 5 = 2*i - g. What is the units digit of i?
5
Let a be 3 - (0 - 0)/1. Suppose -2*c + f = -31, -c - 3*f = a*c - 67. What is the tens digit of c?
1
Suppose -5*h = 4*c - 18, 0 = h + c - 3 - 0. What is the units digit of h?
6
Suppose 6 = 2*s - 18. What is the tens digit of s?
1
Let q be -1 + 5 - (3 - 2). Suppose 13 = q*i + 1. Suppose -2*k + 24 = 5*z, -i*k - 43 = -9*k - 4*z. What is the units digit of k?
7
Let f(i) = i**3 + 6*i**2 + 5*i + 5. Let j be f(-5). Suppose j = 2*h + x, h - 5*x - 27 = -2*h. What is the units digit of h?
4
Let a = 25 - 18. Suppose 3*x - 19 = -a. Suppose 10 = x*y + y. What is the units digit of y?
2
Let b = 42 + -33. What is the units digit of b?
9
What is the tens digit of 40*(-2 - 0 - (-140)/25)?
4
What is the tens digit o